8).
7
Suppose -u + 30 = 3*s - 4*u, s - 22 = 4*u. Let x(o) = -o**3 + 4*o**2 + 10*o + 2. What is x(s)?
-10
Suppose -21 = -5*d - 3*q + 5*q, 2*q = -2*d. Let v(o) = o + 0 + d + 0. What is v(-8)?
-5
Let c(i) = -3*i**3 - 4*i**2 - 4*i + 5. Let f(w) = -8*w**3 - 9*w**2 - 9*w + 11. Let y(x) = 9*c(x) - 4*f(x). Determine y(-1).
-4
Let g(r) = 2*r**2 - 11*r - 6. Let p be g(6). Let m be -2 + p/(4/(-4)). Let d be 1/(-2)*(4 + m). Let n(v) = -v. Determine n(d).
1
Suppose q = -2*k + 8, -q = -5*k + 9*k - 20. Let c(b) = 3*b + k - 4*b + 2*b. Determine c(-5).
1
Suppose -2*j = 5 + 3. Let y(x) be the first derivative of -x**5/60 - x**4/8 + 2*x**3/3 - 9*x**2 + 1. Let o(c) be the second derivative of y(c). Give o(j).
0
Suppose 3*j = -9, -5*j - 12 = -t + 4. Let w be 2/(-3 - t - -5). Let v(z) = -z**2 + 1. Let o(g) = 6*g**2 - g - 4. Let f(c) = -o(c) - 3*v(c). What is f(w)?
-9
Let y(p) = -11*p - 8. Let z(t) = -4*t - 3. Let r(j) = 3*y(j) - 8*z(j). Calculate r(4).
-4
Let q = 16 + -11. Let x = q + -9. Let u(t) = 4*t**3 + 6*t - 7. Let h(l) = -9*l**3 + l**2 - 16*l + 15. Let o(g) = 3*h(g) + 7*u(g). Calculate o(x).
4
Let c(r) = 46*r**2 + 5*r + 53*r**2 + 4 - 100*r**2. What is c(5)?
4
Let q(r) = r**2 + 4*r - 3. Let g(m) = -6*m**2 + m - 2. Let u be g(2). Let i be 6/(6/u + 10/(-8)). Give q(i).
-3
Let k(y) be the first derivative of -y**4/4 + 17*y**3/3 - 15*y**2/2 - 7*y + 407. Calculate k(16).
9
Let b(m) = -m**3 + 5*m - 4. Let a = -31 - -32. Let h(r) = 45 + 51 + r - 97. Let g(f) = a*b(f) - 5*h(f). Determine g(2).
-7
Let q(t) be the third derivative of 0 - 11/24*t**4 + 51*t**2 + 0*t + 0*t**3. What is q(-1)?
11
Let u(a) be the first derivative of -12*a - 1/2*a**2 + 26. Determine u(-11).
-1
Let m = 21 - 61. Let p = 36 + m. Let b(r) = r**2 + 4*r + 4. Give b(p).
4
Let f(s) = 7*s + 13. Let w(v) = 4*v + 6. Let x(i) = 9*i + 2. Let l be x(-1). Let t(m) = l*w(m) + 3*f(m). What is t(-3)?
18
Let u(j) = -j**3 - 9*j**2 + 9*j - 6. Let q(s) = -11*s - 98. Let a be q(-8). Give u(a).
4
Let s(i) = 4 - 2*i**2 + 3*i - 2*i + i - i**3. Let q be (3/2)/(7/56). Let m = 9 - q. Give s(m).
7
Let u(j) = -j**2 - 3*j - 1. Let z(x) = -x**2 + 4. Suppose -4*m = -m + 9. Let h be z(m). Calculate u(h).
-11
Let u = 10 - 6. Let r(j) be the second derivative of -j**5/20 + j**4/2 - 7*j**3/6 + 2*j**2 + 2*j + 34. Determine r(u).
8
Let v = -6 + 1. Let f(x) = 16*x + 2. Let s(a) = -6*a - 1. Let j(k) = -2*f(k) - 5*s(k). What is j(v)?
11
Let r = -19 - -24. Suppose -f = r - 1. Let q(i) = 2*i**3 - 8*i**2 - 6*i - 2. Let n(t) = 3*t**3 - 9*t**2 - 7*t - 2. Let l(g) = 3*n(g) - 4*q(g). Determine l(f).
6
Let t(l) = -4 + 7 + 2 - 9*l - 4 + l**2. Give t(5).
-19
Let j = -95 + 91. Let c(a) = a**3 + 4*a**2 - 2*a + 3. Calculate c(j).
11
Let h(f) = -f**2 + 7*f + 18. Let v be h(9). Let g(x) = x**3 - x**2 + x + 22. Determine g(v).
22
Let b(x) = 2*x - 4. Let z be b(6). Suppose -3*r - j = z, -4*j + 10 + 0 = -2*r. Let y(f) be the second derivative of -f**3/2 - 2*f**2 - 69*f - 2. Determine y(r).
5
Let t(w) = -2*w - 3. Let s(h) = 3*h - 15. Let y be s(7). Let z be (y/9)/(2/(-9)). What is t(z)?
3
Let a(b) = b**2 - 9*b + 10. Suppose 9 - 7 = -2*i. Let n be i*1 - (-22 + 13). Let v be a(n). Let z(c) = 2*c**2 - 1. Determine z(v).
7
Suppose -4*z - 16 = -2*y, -4*z = 3*y - 17 + 53. Let h(q) be the third derivative of q**4/12 + 3*q**3/2 + 20*q**2 - 2*q. What is h(z)?
-3
Let n(l) = -l**3 + 12*l**2 - 20*l - 10. Let o = -121 + 131. What is n(o)?
-10
Let h(u) = -u**3 + 7*u**2 + 5*u - 24. Let o be h(7). Let d(g) = 2*g - 9 - 9 + 5*g**2 - g**3 + o. Give d(5).
3
Let r(n) = -36*n**2 - n - 4. Let k(p) = -31*p**2 - 3. Let a(q) = -7*k(q) + 6*r(q). Determine a(-5).
52
Let b = -34 - -38. Let m(q) = -2*q + q + q**2 + b*q + 2. Give m(-3).
2
Let f(d) = 4*d**3 + 3*d**2 + d - 1. Suppose -j = 18 - 16. Determine f(j).
-23
Let q(b) = 2*b - 5. Let h be q(4). Let d(m) = -11 - 6*m**3 + 5*m**h + 10 + 5*m**2 - 5*m. Determine d(4).
-5
Let j(q) = -q**3 - 6*q**2 - 5*q + 2. Let s(p) = -p - 1. Let x(b) = j(b) - 2*s(b). Let f be x(-5). Let t(h) = -h**2 - h + 7. What is t(f)?
-23
Let a(h) be the third derivative of -h**6/60 - h**5/60 - h**4/6 - h**3/2 - h**2 + 16. Let q be 0/(3 + -3 + -3). Let z = q + -2. Calculate a(z).
17
Let j(q) = 4*q**2 - 1. Let g(y) = y**2. Let a(i) = g(i) - j(i). Let s be (4 - 0)/(-1) - -6. What is a(s)?
-11
Let u(n) = -3*n**2 + n - 1. Let y(r) = 5*r**2 + 1. Let f(c) = -3*u(c) - 2*y(c). Give f(-3).
1
Let c(j) = 3*j. Let u(i) = -2*i + 1. Let l(t) = 2*c(t) + 2*u(t). Let p(z) = -z + 16. Let k be p(12). What is l(k)?
10
Let q = -21 + 23. Let d(k) = k + 3*k**q + k**3 + 6*k - 4*k + k**3. Determine d(-2).
-10
Let h(d) = 19 - 15 + 5*d + d + 7. Give h(-2).
-1
Suppose -5*c + 472 = -123*c. Let d(z) = 12*z + 6. What is d(c)?
-42
Let z(h) be the third derivative of h**6/120 - 2*h**5/15 + 5*h**4/12 - 4*h**3/3 + 101*h**2. Determine z(6).
-20
Let y(z) = z**3 - 14*z**2 + 11*z + 3. Let m = -454 + 467. Calculate y(m).
-23
Let v(d) = -d - 2. Let n = -9 - -14. Suppose 0 = -5*r - n*t + 35, 3*r - 9 = 2*t + 7. Let o be (-46)/r + 16/24. Determine v(o).
5
Let w(g) = 6*g**3 - 3 - 5*g**3 - 4*g**2 - 3*g + 11*g**2 - 3*g. What is w(-8)?
-19
Let s(d) = 1. Let w(k) = -k + 2. Let r(x) = -6*s(x) + w(x). Determine r(12).
-16
Let f(p) = p**2 + 8*p + 8. Suppose -3*j - 2 = 5*t + 34, 8 = j - 5*t. Let b be f(j). Let y be 11/(-2) + b/(-2). Let v(d) = -2*d - 4. Calculate v(y).
8
Let b(m) be the third derivative of -m**8/6720 + m**7/504 + m**6/360 - m**5/24 + 5*m**4/24 + 8*m**2. Let u(q) be the second derivative of b(q). Calculate u(5).
5
Let w(x) = -3*x**3 + x**2 - x + 1. Suppose 5*g + 8 = -52. Suppose 2*f - 36 = 2*z, 0 = -5*z + 3*f - 84 + 4. Let u = g - z. Give w(u).
-2
Let h(g) be the first derivative of -g**3/3 - g**2/2 - g - 120. Calculate h(3).
-13
Let n(t) = 28 - 1737*t**2 + 1731*t**2 - 6*t - 20 - t**3. What is n(-6)?
44
Suppose 0 = -2*b - b + 18. Suppose 0 = -2*k + 5*q + 4, 2*q - b = -2*k - k. Let g(u) = -8*u - 4 + 5*u + k*u. Determine g(-2).
-2
Let c be 2 + (3 - (-1)/(-1)). Let y(w) be the second derivative of 1/2*w**2 + 2/3*w**3 + 0 + 3*w - 1/12*w**4. What is y(c)?
1
Let j(z) = z**2 - 7*z + 7. Let v be (-4 + 54/12)*14. Give j(v).
7
Suppose -k + g = -3*k + 2, g = -3*k + 5. Let t(z) = -3 - k*z + 5 + 0. Suppose 10 = 5*i + q - 6*q, -5*q + 5 = 0. Calculate t(i).
-7
Let w(j) = 5*j - j - j + 5*j - 10*j. What is w(-13)?
26
Let m(v) = v**3 + 3*v**2 + 2*v - 1. Let y(c) = 3*c**2 - 47*c + 28. Let d be y(15). What is m(d)?
-1
Let d(a) = -a**3 + 7*a**2 + 3*a + 7. Let q(l) = 2*l + 4. Let s be q(2). Determine d(s).
-33
Let y(g) be the second derivative of 0*g**2 + 0 - 1/3*g**4 - 2*g + 11/6*g**3 + 0*g**5 - 1/360*g**6. Let p(x) be the second derivative of y(x). Calculate p(0).
-8
Suppose -5*i + j = -71, -2*i + 26 = -j - 0*j. Let v = -10 + i. Let q(m) = m - 7. Give q(v).
-2
Let j(p) = -10*p. Let n(f) = 0*f - 4*f - 3*f. Let l(u) = 5*j(u) - 7*n(u). Let h = 1 - 1. Give l(h).
0
Let s(w) = -w. Let c be s(2). Let z(i) be the third derivative of 6*i**2 + 0*i + 1/3*i**3 + 0 - 1/12*i**4. What is z(c)?
6
Let f(z) = z**2 - 7*z - 2. Suppose 12*j - 120 = -36. Calculate f(j).
-2
Let j be 69/(-115)*125/15. Let s(r) = 2*r**3 + 8*r**2 + 7*r + 2. Calculate s(j).
-83
Suppose -3*l - 3*a = 15, 4*a + 0 = 3*l + 15. Suppose 35 = 2*n - t, 2*n - 2*t - 45 = t. Let s(d) = -n*d + 6*d + 10*d. Give s(l).
-5
Let i(b) be the second derivative of b**5/20 + b**3/3 + 3*b**2/2 + 121*b + 1. Give i(-3).
-30
Suppose 241*y = 234*y + 42. Suppose 4*r - 6 = 2*d, -d - 3*r - 1 = -8. Let c(g) = 2*g - d - 3*g + 0*g. Calculate c(y).
-7
Let v(u) = -u**3 + u**2 - 10*u - 6. Let p(a) = -7*a - 4. Let b(f) = 3*p(f) - 2*v(f). What is b(-2)?
-22
Let p(a) = -a**3 + a**2 + a + 3. Let s be (-10)/(-20)*0/2. Determine p(s).
3
Let x(z) = 6*z**2 - 10 - 2 + 13. Let b(f) = f**3 + 13*f**2 + 11*f - 11. Let w be b(-12). Give x(w).
7
Let j = -1 - 1. Let d be (-4)/(-2 + 3 + j). Let i(q) = -q - 17. Let v(t) = 8. Let p(f) = 2*i(f) + 5*v(f). Give p(d).
-2
Let d(q) = -17*q - 3. Let b(o) = 19*o + 9. Let l(u) = 10*u + 5. Let k(p) = 4*b(p) - 7*l(p). Let c(f) = 4*d(f) + 11*k(f). Determine c(5).
-11
Let n(u) be the first derivative of -1/4*u**4 + 2*u**3 + 6*u + 3*u**2 - 7. Let b(g) = g**2 - 4*g - 5. Let k be b(6). What is n(k)?
-1
Let m(y) = y**2 + 3*y + 3. Let j = 142 + -145. What is m(j)?
3
Let t be (45